digit of 86594615?
9
What is the units digit of 822262378?
8
What is the hundred thousands digit of 36540456?
5
What is the ten thousands digit of 153049676?
4
What is the hundreds digit of 40544594?
5
What is the tens digit of 1540185250?
5
What is the hundreds digit of 2324357535?
5
What is the millions digit of 1547355623?
7
What is the hundred thousands digit of 1949715205?
7
What is the tens digit of 30736713?
1
What is the thousands digit of 68477267?
7
What is the hundreds digit of 109949043?
0
What is the ten millions digit of 97822092?
9
What is the millions digit of 5578167629?
8
What is the units digit of 1456699623?
3
What is the tens digit of 976718741?
4
What is the units digit of 43792412?
2
What is the thousands digit of 83135584?
5
What is the hundred millions digit of 427650279?
4
What is the units digit of 356167935?
5
What is the units digit of 449474701?
1
What is the ten millions digit of 387204627?
8
What is the thousands digit of 431258308?
8
What is the hundred thousands digit of 5153538998?
5
What is the thousands digit of 2839286686?
6
What is the hundreds digit of 184163?
1
What is the billions digit of 1183251834?
1
What is the tens digit of 714644769?
6
What is the tens digit of 21399732?
3
What is the ten thousands digit of 6849007265?
0
What is the ten millions digit of 11208633?
1
What is the millions digit of 245353841?
5
What is the hundred thousands digit of 132233784?
2
What is the millions digit of 619886127?
9
What is the millions digit of 67614787?
7
What is the thousands digit of 28557752?
7
What is the hundred thousands digit of 366088545?
0
What is the ten millions digit of 948499727?
4
What is the ten millions digit of 113421597?
1
What is the billions digit of 5619846573?
5
What is the ten millions digit of 707843954?
0
What is the tens digit of 43084485?
8
What is the tens digit of 253569169?
6
What is the millions digit of 553007156?
3
What is the units digit of 409896149?
9
What is the units digit of 953116082?
2
What is the millions digit of 79187716?
9
What is the ten thousands digit of 324285624?
8
What is the tens digit of 238146396?
9
What is the ten millions digit of 28498571?
2
What is the millions digit of 224915719?
4
What is the thousands digit of 2995532282?
2
What is the thousands digit of 1238640471?
0
What is the thousands digit of 90569580?
9
What is the millions digit of 450037156?
0
What is the ten millions digit of 1548406073?
4
What is the hundreds digit of 1380173740?
7
What is the tens digit of 339950852?
5
What is the thousands digit of 7252458565?
8
What is the units digit of 527177049?
9
What is the ten thousands digit of 589792768?
9
What is the ten thousands digit of 1403722295?
2
What is the millions digit of 56540507?
6
What is the hundred thousands digit of 369938051?
9
What is the ten thousands digit of 9163327?
6
What is the thousands digit of 10999959?
9
What is the thousands digit of 92927432?
7
What is the tens digit of 81792224?
2
What is the ten thousands digit of 1134504338?
0
What is the tens digit of 944970083?
8
What is the ten thousands digit of 141891748?
9
What is the hundred thousands digit of 60996463?
9
What is the hundred millions digit of 1162844390?
1
What is the ten thousands digit of 637579091?
7
What is the units digit of 6404931?
1
What is the hundred thousands digit of 94719180?
7
What is the millions digit of 19961862?
9
What is the hundreds digit of 959608231?
2
What is the millions digit of 1382636144?
2
What is the units digit of 942466?
6
What is the ten millions digit of 3549819488?
4
What is the thousands digit of 646633150?
3
What is the tens digit of 18062426?
2
What is the ten thousands digit of 156011301?
1
What is the hundred millions digit of 287966496?
2
What is the millions digit of 996931936?
6
What is the thousands digit of 238922867?
2
What is the units digit of 351569619?
9
What is the millions digit of 2401981900?
1
What is the thousands digit of 345882237?
2
What is the hundred thousands digit of 15499081?
4
What is the millions digit of 885570549?
5
What is the tens digit of 107481033?
3
What is the thousands digit of 41904352?
4
What is the ten millions digit of 886241439?
8
What is the thousands digit of 2586240491?
0
What is the ten thousands digit of 1077377883?
7
What is the hundred thousands digit of 55831270?
8
What is the ten millions digit of 416943080?
1
What is the millions digit of 765770331?
5
What is the hundreds digit of 916412?
4
What is the ten thousands digit of 160641136?
4
What is the ten millions digit of 1336643717?
3
What is the billions digit of 1760352622?
1
What is the millions digit of 397990384?
7
What is the ten thousands digit of 1536738104?
3
What is the millions digit of 316758368?
6
What is the ten millions digit of 614129815?
1
What is the hundred thousands digit of 953113454?
1
What is the ten millions digit of 46551522?
4
What is the hundreds digit of 176183967?
9
What is the units digit of 36161520?
0
What is the hundreds digit of 30223616?
6
What is the hundreds digit of 49025533?
5
What is the ten thousands digit of 4365511326?
1
What is the ten millions digit of 171657312?
7
What is the ten thousands digit of 6418235?
1
What is the ten millions digit of 59535453?
5
What is the ten millions digit of 31948402?
3
What is the thousands digit of 6148109100?
9
What is the units digit of 194892468?
8
What is the units digit of 6406472681?
1
What is the millions digit of 34737492?
4
What is the millions digit of 161382491?
1
What is the ten millions digit of 42730006?
4
What is the ten thousands digit of 27227469?
2
What is the hundreds digit of 463824999?
9
What is the units digit of 686216886?
6
What is the ten millions digit of 54361697?
5
What is the thousands digit of 880548670?
8
What is the hundred millions digit of 343700509?
3
What is the billions digit of 1884063974?
1
What is the hundred thousands digit of 2591511085?
5
What is the ten millions digit of 944804318?
4
What is the ten millions digit of 3385032982?
8
What is the units digit of 229397483?
3
What is the millions digit of 4559231411?
9
What is the ten thousands digit of 278158207?
5
What is the hundreds digit of 187370272?
2
What is the ten millions digit of 48952401?
4
What is the hundreds digit of 54446447?
4
What is the thousands digit of 25549576?
9
What is the units digit of 120223410?
0
What is the ten millions digit of 211828617?
1
What is the millions digit of 213945251?
3
What is the hundreds digit of 908102912?
9
What is the hundreds digit of 17813917?
9
What is the ten thousands digit of 402309016?
0
What is the hundreds digit of 44750569?
5
What is the hundreds digit of 739962462?
4
What is the thousands digit of 93176927?
6
What is the hundred millions digit of 687408299?
6
What is the ten millions digit of 879834074?
7
What is the millions digit of 205008418?
5
What is the tens digit of 18908230?
3
What is the units digit of 210957463?
3
What is the tens digit of 22248545?
4
What is the thousands digit of 249023287?
3
What is the millions digit of 43149057?
3
What is the ten millions digit of 28237594?
2
What is the ten thousands digit of 184606048?
0
What is the tens digit of 967497?
9
What is the ten thousands digit of 359486995?
8
What is the hundred millions digit of 1953430894?
9
What is the units digit of 1064272539?
9
What is the billions digit of 1624244091?
1
What is the tens digit of 31660702?
0
What is the thousands digit of 532693920?
3
What is the ten thousands digit of 4497953958?
5
What is the millions digit of 73067642?
3
What is the thousands digit of 124202580?
2
What is the thousands digit of 50236627?
6
What is the hundred thousands digit of 75598453?
5
What is the units digit of 889010052?
2
What is the ten thousands digit of 1720739721?
3
What is the ten thousands digit of 533893865?
9
What is the ten thousands digit of 248739282?
3
What is the billions digit of 2513801834?
2
What is the ten thousands digit of 29876577?
7
What is the hundreds digit of 66265601?
6
What is the units digit of 1025081643?
3
What is the hundred thousands digit of 38491327?
4
What is the units digit of 34224044?
4
What is the millions digit of 30074871?
0
What is the billions digit of 3102570067?
3
Wha